+ p = 9*i. Calculate k(i).
5
Suppose 0 = 2*x + 6 + 298. Let c = x - -144. Let n(b) = -b - 4. Give n(c).
4
Let t(a) = 43 - 127*a**2 - 4 - 21 + 250*a**2 - 127*a**2 + 41*a. What is t(11)?
-15
Suppose 5*k = -5*t, 4*t = -5*k + 3 + 2. Suppose 3*j = -3*g - 27, k*g - 3*j + 21 = -0*g. Let m(b) = 8 - 29*b**2 - 24*b + 20*b + 12*b + 30*b**2. Give m(g).
-4
Let p(r) = -15*r + 4*r - 3 + 14*r. Calculate p(-5).
-18
Let l(y) = -y**3 - 7*y**2 - 7*y + 3. Let x = 229 + -119. Let d = x + -116. Determine l(d).
9
Let p(t) = 5*t**2 + 4*t - 25. Let u(h) = h**2 - 5*h - 1. Let x(y) = -4*y**2 + 9*y + 11. Let n(w) = 2*u(w) + x(w). Let g(j) = -8*n(j) - 3*p(j). Give g(6).
15
Let q(n) = -n**3 - 21*n**2 - 9*n + 216. Let o be q(-20). Let r(y) = -y - 14. Determine r(o).
-10
Let v(p) = 5*p - 2. Let a(r) = 22*r - 10. Let s = 1005 - 1001. Let z(c) = s*v(c) - a(c). What is z(4)?
-6
Let z(f) be the first derivative of -f**5/20 + f**4/12 + f**3/3 - f**2/2 - 16*f + 34. Let o(p) be the first derivative of z(p). Determine o(-2).
7
Let h(t) = t**2 + 3*t + 3. Let n(j) be the second derivative of -j**3/6 - 8*j**2 + 3*j - 2. Let i be n(-14). What is h(i)?
1
Let a(b) = 6*b**2 - 8*b - 6. Let m(n) = 14*n - 4. Let h be m(-2). Let w = -25 - h. Let i(y) = 5*y**2 - 8*y - 5. Let s(c) = w*i(c) - 6*a(c). Determine s(-8).
1
Suppose -c - 2*c + 6 = 0. Let h(f) = -f**2 - 8*f + 3. Let d(i) = i**3 - i**2 + 6*i. Let j(x) = -d(x) - h(x). Calculate j(c).
1
Let a(u) = -u**3 - 4*u**2 + 2*u + 1. Let x(r) = -5*r**3 - 16*r**2 + 9*r + 5. Let c(t) = -9*a(t) + 2*x(t). Let p = -135 + 109. Let j = p + 30. What is c(j)?
1
Let h be (-26)/65 + (-33)/5. Let v be (-400)/(-45) + 1/9. Let b(f) = -f**2 - 8*f + v*f**2 - 9 - 9*f**2. Determine b(h).
-2
Suppose 57 - 43 = 7*h. Let k(s) = -24 - h*s - 15 + 35. Let a be (2 - 3)*2 + 6. Give k(a).
-12
Let k be (-2714)/(-10) + 30/50. Let a = k - 280. Let m(r) = -r**2 - 8*r - 10. Determine m(a).
-10
Let p be (-2)/(51/54 - 1). Let u = p - 33. Suppose -28 = -u*i - 5*y, 24 = -i + 4*y + y. Let r(s) = -9*s**3 + 2*s**2 - 1. Give r(i).
-8
Let u be 0 - (-35 - -59) - -19. Let l(x) be the third derivative of x**6/120 + x**5/15 - x**4/24 - x**3/6 + x**2. Calculate l(u).
-21
Let a(h) be the second derivative of -h**4/12 + 10*h**3/3 + 10*h**2 + 334*h. Give a(21).
-1
Let g = -265 + 266. Let w(d) = -8*d**3 + 3*d - 4. What is w(g)?
-9
Let a = -13744 - -13735. Let c(y) = 3*y**2 + 15*y - 110. Give c(a).
-2
Let f(v) = 6*v + 2. Let a(o) = -2*o**3 + 2*o**2 + 8*o - 9. Let g be a(2). Give f(g).
-4
Let q(y) = y**3 + 4*y**2 + y - 1. Let r(j) be the third derivative of 0 + 14*j**2 + 0*j - 1/6*j**4 - 1/2*j**3 - 1/30*j**5. Let d be r(-2). Calculate q(d).
5
Let l(u) be the third derivative of 0*u + 30*u**2 + 0 + 4/3*u**3 + 1/24*u**4. Give l(-7).
1
Let n be (388/1940)/((-1)/(-20))*(-6)/(-4). Let b be (3/(2/(-2)))/(-1). Let i(t) = -4*t + t**b + 2 - 1 - 5*t**2 + 0*t**3. Give i(n).
13
Let j(r) = 75*r + 74. Let w(h) = 81*h + 78. Let z(a) = -5*j(a) + 4*w(a). Determine z(-1).
-7
Suppose -3*x + 353 = 344. Let k be 14/18 + 2/9. Suppose 14 = 4*l - 5*p, -l - 4 = x*p + k. Let d(v) = 14*v**2 - v + 1. Calculate d(l).
14
Let m(o) = 13*o**3 - 14 + 10*o**2 + 4*o - 55*o**3 + 43*o**3. What is m(-9)?
31
Let o(m) = 3063 - 1526 - 2*m - 1514 - 32*m. Determine o(1).
-11
Let y(a) = a - 1. Let j(s) = -s + 2. Let l(t) = j(t) + 4*y(t). Let z(m) = 9*m**2 - 38*m - 33. Let r be z(5). Determine l(r).
4
Let p(g) be the first derivative of 13*g**2/2 + 78*g - 1578. What is p(-5)?
13
Let j(y) = -y**3 + 6*y**2 + 8*y - 4. Let s be ((-23)/5 - -4)*(8 + 2). Let q be (-46)/s - -4*(-1)/6. Determine j(q).
3
Let u(s) be the first derivative of s**4/24 + s**3/3 + 9*s**2/2 - 51. Let t(x) be the second derivative of u(x). Calculate t(-11).
-9
Let j(f) = 2*f**3 + 2*f**2 - 2. Let q = -584 - -584. Let b(x) = -2*x**2 + 13*x - 2. Let g be b(q). Calculate j(g).
-10
Let a be 450/50 + (-15 - -1). Let v(s) be the second derivative of -s**5/20 - s**4/2 - s**3 - 5*s**2 - 3*s - 3. Give v(a).
-5
Let f(o) = -3 + 107*o - 8*o**2 + 5 - 226*o - o**3 - 7*o**2 + 110*o + 4*o**2. Suppose -5*s + 4*w = -w + 45, 5*s = 3*w - 47. Calculate f(s).
-8
Suppose 9*h = 7*h + 40. Suppose -4*x + 0 = h. Let w be x*2*(-3)/(-6). Let n(z) = z**3 + 4*z**2 - 3*z + 5. Give n(w).
-5
Let k(q) = 49*q + 1. Let x(o) = -106*o + 11. Let g(p) = 2*k(p) + x(p). Calculate g(2).
-3
Let p be (-12)/15*5*(-2)/4. Let z(t) = 114 - 26*t + 11*t**p - 120 + t**3 + 33*t. Determine z(-10).
24
Let t(m) = m**2 - 16*m - 16. Suppose -10*k + 34 = -136. Let b be t(k). Let y(u) = 4*u**2 + 2*u + 4*u - 5*u. Give y(b).
5
Let o(c) be the second derivative of c**4/12 - 8*c**3/3 + 8*c**2 - 3*c - 512. Calculate o(12).
-32
Let u(w) = -w**3 + 10*w**2 + 6*w + 3. Let z = 3539 + -3529. Determine u(z).
63
Let z(k) = 11*k**2 + 6*k + 34. Let v(t) = 10*t**2 + 9*t + 30. Let u(r) = 7*v(r) - 6*z(r). Determine u(-6).
-12
Let s be ((-84)/(-49) - 2) + 64/28. Let f(l) = 15*l**2 - 3*l + 1. What is f(s)?
55
Let g be 8/8 - -20 - (33 + -21). Let n(x) = x**2 - 8*x + 13. Determine n(g).
22
Let x(w) = -20*w + 6. Let f be x(-5). Let a(j) = 3 + 0*j**2 + 2*j**2 + 111*j - f*j. Calculate a(-5).
28
Let p(n) be the first derivative of -n**3/3 + 6*n**2 - 25*n + 409. What is p(14)?
-53
Let u = 24 + -16. Let c(b) = 67*b + 424 - 129*b - b**2 + 68*b - 403. Give c(u).
5
Let q(a) = 8*a**3 + 5*a**2 + 3*a + 6. Let j(x) = -21*x**3 - 14*x**2 - 8*x - 21. Let r(n) = 3*j(n) + 8*q(n). What is r(0)?
-15
Let d(y) = -4*y - 2. Suppose -2*m - 7*h = -8*h + 1353, 4*m = 3*h - 2711. Let u = m - -673. Determine d(u).
2
Let y(v) be the first derivative of 4*v**2 + 9 - 3*v**3 + 1/4*v**4 + v. Let r be y(8). Let k(m) = 2*m**3 - 2*m**2 + 1. What is k(r)?
1
Let w(z) be the second derivative of z**3/6 - 2*z**2 + 345*z. What is w(9)?
5
Let w(y) = -21*y - 162. Suppose 35 = -67*s - 473 + 39. Give w(s).
-15
Suppose -17 = d - 25. Suppose 3*j = -j + d. Let q(l) = 0*l**2 - l**2 - 5 + 0*l**j - 7*l + 0*l**2. Determine q(-4).
7
Let d(j) = 16*j - 212. Let m be d(12). Let t(v) = v - 4. What is t(m)?
-24
Let r(q) be the third derivative of q**6/120 + q**5/12 + q**4/8 + 2*q**3/3 + 796*q**2. What is r(-4)?
8
Let q(i) = -2*i + 14. Let g(s) = -64*s + 10. Let n be g(0). Give q(n).
-6
Let m(c) be the first derivative of 2*c**3 - 1/4*c**4 - 115 - 8*c + c**2. What is m(6)?
4
Let s(o) = 7*o + 1. Let n be (4/(-6) - -1)*6. Let l be (n + -3)*(-4 - -5). What is s(l)?
-6
Let g(m) = -2*m**2 - 4*m - 4. Suppose 5*p = 4*c - 0*c + 37, 14 = 2*c + 4*p. Let h be (c - -2) + 4 + (-3 - 3). Determine g(h).
-10
Let l(d) = -3*d + 20. Suppose -4*w + 4 = 0, -43*j - 16 = -42*j - 4*w. Calculate l(j).
56
Let h(o) be the third derivative of -o**7/840 - o**6/60 - o**5/30 + o**4/6 + 17*o**3/6 + 249*o**2. Let v(w) be the first derivative of h(w). Determine v(-5).
-1
Let v = 9771 + -9771. Let a(y) = 5*y - 92. Determine a(v).
-92
Let r(t) = -193*t**2 - 191*t**2 - 199*t**2 - 197*t**2 + 12*t + 779*t**2 + 2. Give r(5).
37
Suppose 3*j - 15 = 8*j, 4*o - 199 = j. Let g = o - 47. Let s(i) = -11 + g*i + 0 + 5. Give s(4).
2
Let o = 1022 + -593. Let h(u) = -434*u - 1 + o*u - 15*u**2 + 14*u**2. Determine h(-6).
-7
Let j(w) = 3*w**3 - 134*w**2 + 87*w + 19. Let o be j(44). Let h(q) = 19*q + 468. What is h(o)?
-7
Suppose 13*d + 5987 - 6078 = 0. Let k(p) = 24*p**2 - p - 1. Let n be k(-2). Let j(f) = 103*f**2 - n*f**2 + 2 - f**3 - 5 + 8*f. Calculate j(d).
4
Suppose 45 = 4*g - z, -5*g + 215*z + 79 = 217*z. Let m(w) = 5*w - 32. Determine m(g).
33
Let a(o) = 2*o - 3*o - o**3 - 4*o**2 + 2 + 5*o. Let v(d) = -7*d - 7. Let z be v(-3). Suppose -3*h = -4*u - z, -2*u - 3*h + h - 14 = 0. Determine a(u).
7
Let s be (11 - 9)*(-9)/18. Let l(h) = 32*h + 30. Give l(s).
-2
Let i(r) = r**3 + 12*r**2 + 12*r + 9. Suppose 0*j - 4*j - 420 = 0. Let n be 4/(-28) - (-1140)/j. Determine i(n).
-2
Let b(p) = -p**3 + 8*p**2 - 6*p - 2. Suppose 19*d = 15*d + 12. Suppose 58 = -d*h + 337. Let j = h - 86. What is b(j)?
5
Let y(o) = o**3 + 6*o**2 + 8*o. Suppose -66*i + 5 = -61*i - 5*d, 2*d + 26 = -2*i. Give y(i).
-48
Let l(j) = 5*j - 16. Let y be l(5). Let v(t) = -y - t - 22 + 6. Determine v(0).
-25
Let k(n) = n**2 + 5*n + 7. Let l = -53 + 24. Let h = l - -8. Let d = 16 + h. Determine k(d).
7
Let m = 208 - 191. Suppose m*d - 19*d = -10. Let t(c) = c**3 - 6*c**2 + 5*c + 4. Determine t(d).
4
Let h(f) =